{"id":462,"date":"2019-11-06T16:41:53","date_gmt":"2019-11-06T15:41:53","guid":{"rendered":"http:\/\/ecolesaintethereseliliaplouguerneau.fr\/?page_id=462"},"modified":"2025-03-16T21:44:53","modified_gmt":"2025-03-16T20:44:53","slug":"apel","status":"publish","type":"page","link":"https:\/\/ecolesaintethereseliliaplouguerneau.fr\/index.php\/apel\/","title":{"rendered":"APEL"},"content":{"rendered":"<p>[et_pb_section fb_built=\u00a0\u00bb1&Prime; admin_label=\u00a0\u00bbsection\u00a0\u00bb _builder_version=\u00a0\u00bb3.0.47&Prime;][et_pb_row admin_label=\u00a0\u00bbrow\u00a0\u00bb _builder_version=\u00a0\u00bb3.0.48&Prime; background_size=\u00a0\u00bbinitial\u00a0\u00bb background_position=\u00a0\u00bbtop_left\u00a0\u00bb background_repeat=\u00a0\u00bbrepeat\u00a0\u00bb][et_pb_column type=\u00a0\u00bb4_4&Prime; _builder_version=\u00a0\u00bb3.0.47&Prime; parallax=\u00a0\u00bboff\u00a0\u00bb parallax_method=\u00a0\u00bbon\u00a0\u00bb][et_pb_text admin_label=\u00a0\u00bbText\u00a0\u00bb _builder_version=\u00a0\u00bb3.0.74&Prime; background_size=\u00a0\u00bbinitial\u00a0\u00bb background_position=\u00a0\u00bbtop_left\u00a0\u00bb background_repeat=\u00a0\u00bbrepeat\u00a0\u00bb]<\/p>\n<p>L&rsquo;APEL est une \u00e9quipe dynamique de parents b\u00e9n\u00e9voles, qui pr\u00e9voit et met en place des actions et des manifestations tout au long de l&rsquo;ann\u00e9e pour financer en partie les projets p\u00e9dagogiques.<\/p>\n<p><img loading=\"lazy\" decoding=\"async\" class=\"alignnone size-medium wp-image-2606\" src=\"http:\/\/ecolesaintethereseliliaplouguerneau.fr\/wp-content\/uploads\/2022\/12\/\u00e9quipe-Apel-300x129.jpg\" alt=\"\" width=\"356\" height=\"153\" srcset=\"https:\/\/ecolesaintethereseliliaplouguerneau.fr\/wp-content\/uploads\/2022\/12\/\u00e9quipe-Apel-300x129.jpg 300w, https:\/\/ecolesaintethereseliliaplouguerneau.fr\/wp-content\/uploads\/2022\/12\/\u00e9quipe-Apel-768x331.jpg 768w, https:\/\/ecolesaintethereseliliaplouguerneau.fr\/wp-content\/uploads\/2022\/12\/\u00e9quipe-Apel-1024x441.jpg 1024w, https:\/\/ecolesaintethereseliliaplouguerneau.fr\/wp-content\/uploads\/2022\/12\/\u00e9quipe-Apel-1080x465.jpg 1080w, https:\/\/ecolesaintethereseliliaplouguerneau.fr\/wp-content\/uploads\/2022\/12\/\u00e9quipe-Apel.jpg 1280w\" sizes=\"(max-width: 356px) 100vw, 356px\" \/><\/p>\n<p>L&rsquo;\u00e9quipe est compos\u00e9e de:<\/p>\n<div dir=\"auto\">Co-pr\u00e9sidente : Laetitia LE JEUNE et Morgane LE GUEN<\/div>\n<div dir=\"auto\">Tr\u00e9sori\u00e8re : Anne VERDIER<\/div>\n<div dir=\"auto\">Secr\u00e9taire : Sabrina LE GUEN<\/div>\n<div dir=\"auto\"><\/div>\n<div dir=\"auto\">Membres:<\/div>\n<div dir=\"auto\">Sophiane LE GOFF<\/div>\n<div dir=\"auto\">Nicolas CAMPILLO,<\/div>\n<div dir=\"auto\">Marie RUIZ<\/div>\n<div dir=\"auto\">Morgan PENNEC,<\/div>\n<div dir=\"auto\">S\u00e9bastien LE DEUN,<\/div>\n<div dir=\"auto\">Marion BOHIC,<\/div>\n<div dir=\"auto\">Ana\u00efs THERASSE,<\/div>\n<div dir=\"auto\">Anne-Marie LE CALVEZ,<\/div>\n<div dir=\"auto\">Dominique GALLIOU,<\/div>\n<div dir=\"auto\">St\u00e9phanie GUILBERT,<\/div>\n<div dir=\"auto\">Renaud LE FLOCH,<\/div>\n<div dir=\"auto\">S\u00e9bastien QUINIOU,<\/div>\n<div dir=\"auto\">S\u00e9bastien LE JEUNE,<\/div>\n<div dir=\"auto\">Gr\u00e9gory RUIZ<\/div>\n<div dir=\"auto\"><\/div>\n<p>&nbsp;<\/p>\n<p>&nbsp;<\/p>\n<p>[\/et_pb_text][\/et_pb_column][\/et_pb_row][\/et_pb_section]<\/p>\n","protected":false},"excerpt":{"rendered":"<p>[et_pb_section fb_built=\u00a0\u00bb1&Prime; admin_label=\u00a0\u00bbsection\u00a0\u00bb _builder_version=\u00a0\u00bb3.0.47&Prime;][et_pb_row admin_label=\u00a0\u00bbrow\u00a0\u00bb _builder_version=\u00a0\u00bb3.0.48&Prime; background_size=\u00a0\u00bbinitial\u00a0\u00bb background_position=\u00a0\u00bbtop_left\u00a0\u00bb background_repeat=\u00a0\u00bbrepeat\u00a0\u00bb][et_pb_column type=\u00a0\u00bb4_4&Prime; _builder_version=\u00a0\u00bb3.0.47&Prime; parallax=\u00a0\u00bboff\u00a0\u00bb parallax_method=\u00a0\u00bbon\u00a0\u00bb][et_pb_text admin_label=\u00a0\u00bbText\u00a0\u00bb _builder_version=\u00a0\u00bb3.0.74&Prime; background_size=\u00a0\u00bbinitial\u00a0\u00bb background_position=\u00a0\u00bbtop_left\u00a0\u00bb background_repeat=\u00a0\u00bbrepeat\u00a0\u00bb] L&rsquo;APEL est une \u00e9quipe dynamique de parents b\u00e9n\u00e9voles, qui pr\u00e9voit et met en place des actions et des manifestations tout au long de l&rsquo;ann\u00e9e pour financer en partie les projets p\u00e9dagogiques. L&rsquo;\u00e9quipe est compos\u00e9e de: Co-pr\u00e9sidente : [&hellip;]<\/p>\n","protected":false},"author":7,"featured_media":0,"parent":0,"menu_order":0,"comment_status":"closed","ping_status":"closed","template":"","meta":{"footnotes":""},"_links":{"self":[{"href":"https:\/\/ecolesaintethereseliliaplouguerneau.fr\/index.php\/wp-json\/wp\/v2\/pages\/462"}],"collection":[{"href":"https:\/\/ecolesaintethereseliliaplouguerneau.fr\/index.php\/wp-json\/wp\/v2\/pages"}],"about":[{"href":"https:\/\/ecolesaintethereseliliaplouguerneau.fr\/index.php\/wp-json\/wp\/v2\/types\/page"}],"author":[{"embeddable":true,"href":"https:\/\/ecolesaintethereseliliaplouguerneau.fr\/index.php\/wp-json\/wp\/v2\/users\/7"}],"replies":[{"embeddable":true,"href":"https:\/\/ecolesaintethereseliliaplouguerneau.fr\/index.php\/wp-json\/wp\/v2\/comments?post=462"}],"version-history":[{"count":17,"href":"https:\/\/ecolesaintethereseliliaplouguerneau.fr\/index.php\/wp-json\/wp\/v2\/pages\/462\/revisions"}],"predecessor-version":[{"id":10220,"href":"https:\/\/ecolesaintethereseliliaplouguerneau.fr\/index.php\/wp-json\/wp\/v2\/pages\/462\/revisions\/10220"}],"wp:attachment":[{"href":"https:\/\/ecolesaintethereseliliaplouguerneau.fr\/index.php\/wp-json\/wp\/v2\/media?parent=462"}],"curies":[{"name":"wp","href":"https:\/\/api.w.org\/{rel}","templated":true}]}}

<p>[et_pb_section fb_built= »1&Prime; admin_label= »section » _builder_version= »3.0.47&Prime;][et_pb_row admin_label= »row » _builder_version= »3.0.48&Prime; background_size= »initial » background_position= »top_left » background_repeat= »repeat »][et_pb_column type= »4_4&Prime; _builder_version= »3.0.47&Prime; parallax= »off » parallax_method= »on »][et_pb_text admin_label= »Text » _builder_version= »3.0.74&Prime; background_size= »initial » background_position= »top_left » background_repeat= »repeat »]</p>
<p>L&rsquo;APEL est une équipe dynamique de parents bénévoles, qui prévoit et met en place des actions et des manifestations tout au long de l&rsquo;année pour financer en partie les projets pédagogiques.</p>
<p><img loading="lazy" decoding="async" class="alignnone size-medium wp-image-2606" src="http://ecolesaintethereseliliaplouguerneau.fr/wp-content/uploads/2022/12/équipe-Apel-300x129.jpg" alt="" width="356" height="153" srcset="https://ecolesaintethereseliliaplouguerneau.fr/wp-content/uploads/2022/12/équipe-Apel-300x129.jpg 300w, https://ecolesaintethereseliliaplouguerneau.fr/wp-content/uploads/2022/12/équipe-Apel-768x331.jpg 768w, https://ecolesaintethereseliliaplouguerneau.fr/wp-content/uploads/2022/12/équipe-Apel-1024x441.jpg 1024w, https://ecolesaintethereseliliaplouguerneau.fr/wp-content/uploads/2022/12/équipe-Apel-1080x465.jpg 1080w, https://ecolesaintethereseliliaplouguerneau.fr/wp-content/uploads/2022/12/équipe-Apel.jpg 1280w" sizes="(max-width: 356px) 100vw, 356px" /></p>
<p>L&rsquo;équipe est composée de:</p>
<div dir="auto">Co-présidente : Laetitia LE JEUNE et Morgane LE GUEN</div>
<div dir="auto">Trésorière : Anne VERDIER</div>
<div dir="auto">Secrétaire : Sabrina LE GUEN</div>
<div dir="auto"></div>
<div dir="auto">Membres:</div>
<div dir="auto">Sophiane LE GOFF</div>
<div dir="auto">Nicolas CAMPILLO,</div>
<div dir="auto">Marie RUIZ</div>
<div dir="auto">Morgan PENNEC,</div>
<div dir="auto">Sébastien LE DEUN,</div>
<div dir="auto">Marion BOHIC,</div>
<div dir="auto">Anaïs THERASSE,</div>
<div dir="auto">Anne-Marie LE CALVEZ,</div>
<div dir="auto">Dominique GALLIOU,</div>
<div dir="auto">Stéphanie GUILBERT,</div>
<div dir="auto">Renaud LE FLOCH,</div>
<div dir="auto">Sébastien QUINIOU,</div>
<div dir="auto">Sébastien LE JEUNE,</div>
<div dir="auto">Grégory RUIZ</div>
<div dir="auto"></div>
<p>&nbsp;</p>
<p>&nbsp;</p>
<p>[/et_pb_text][/et_pb_column][/et_pb_row][/et_pb_section]</p>

<p>[et_pb_section fb_built= »1&Prime; admin_label= »section » _builder_version= »3.0.47&Prime;][et_pb_row admin_label= »row » _builder_version= »3.0.48&Prime; background_size= »initial » background_position= »top_left » background_repeat= »repeat »][et_pb_column type= »4_4&Prime; _builder_version= »3.0.47&Prime; parallax= »off » parallax_method= »on »][et_pb_text admin_label= »Text » _builder_version= »3.0.74&Prime; background_size= »initial » background_position= »top_left » background_repeat= »repeat »] L&rsquo;APEL est une équipe dynamique de parents bénévoles, qui prévoit et met en place des actions et des manifestations tout au long de l&rsquo;année pour financer en partie les projets pédagogiques. L&rsquo;équipe est composée de: Co-présidente : [&hellip;]</p>
